{"id":109,"date":"2012-11-30T15:42:11","date_gmt":"2012-11-30T15:42:11","guid":{"rendered":"http:\/\/s428793838.online.de\/Holger\/?page_id=109"},"modified":"2012-12-11T13:56:08","modified_gmt":"2012-12-11T13:56:08","slug":"die-montierung","status":"publish","type":"page","link":"http:\/\/s428793838.online.de\/Holger\/?page_id=109","title":{"rendered":"Die Montierung"},"content":{"rendered":"<p>Nach den ersten Aufnahmen, die alle einen Verwischungseffekt hatten, der durch die Erdrotation hervorgerufen wurde, entschloss ich mich, eine neue Montierung zu kaufen.Ich entschied mich\u00a0f\u00fcr eine Nachf\u00fchrung, die auch gleich einen Autoguide hat.Nun kann ich, nachdem ich die Montierung ausgerichtet und kalibriert habe, per Handger\u00e4t einen Objekt ausw\u00e4hlen und die Montierung dreht das Teleskop automatisch auf das gew\u00e4hlte Objekt.<\/p>\n<p>Konkret habe ich mich f\u00fcr diese Modell entschieden: EQ6 SkyScan Pro<\/p>\n<p><a href=\"http:\/\/s428793838.online.de\/Holger\/wp-content\/uploads\/2012\/11\/EQ6SkyScanPro.jpg\"><img loading=\"lazy\" decoding=\"async\" class=\"alignleft size-full wp-image-174\" title=\"EQ6SkyScanPro\" src=\"http:\/\/s428793838.online.de\/Holger\/wp-content\/uploads\/2012\/11\/EQ6SkyScanPro.jpg\" alt=\"\" width=\"360\" height=\"540\" \/><\/a><\/p>\n","protected":false},"excerpt":{"rendered":"<p>Nach den ersten Aufnahmen, die alle einen Verwischungseffekt hatten, der durch die Erdrotation hervorgerufen wurde, entschloss ich mich, eine neue Montierung zu kaufen.Ich entschied mich\u00a0f\u00fcr eine Nachf\u00fchrung, die auch gleich einen Autoguide hat.Nun kann ich, nachdem ich die Montierung ausgerichtet und kalibriert habe, per Handger\u00e4t einen Objekt ausw\u00e4hlen und die <span class=\"ellipsis\">&hellip;<\/span> <span class=\"more-link-wrap\"><a href=\"http:\/\/s428793838.online.de\/Holger\/?page_id=109\" class=\"more-link\"><span>Read more &rarr;<\/span><\/a><\/span><\/p>\n","protected":false},"author":1,"featured_media":0,"parent":0,"menu_order":1,"comment_status":"closed","ping_status":"open","template":"","meta":{"footnotes":""},"class_list":["post-109","page","type-page","status-publish","hentry"],"_links":{"self":[{"href":"http:\/\/s428793838.online.de\/Holger\/index.php?rest_route=\/wp\/v2\/pages\/109","targetHints":{"allow":["GET"]}}],"collection":[{"href":"http:\/\/s428793838.online.de\/Holger\/index.php?rest_route=\/wp\/v2\/pages"}],"about":[{"href":"http:\/\/s428793838.online.de\/Holger\/index.php?rest_route=\/wp\/v2\/types\/page"}],"author":[{"embeddable":true,"href":"http:\/\/s428793838.online.de\/Holger\/index.php?rest_route=\/wp\/v2\/users\/1"}],"replies":[{"embeddable":true,"href":"http:\/\/s428793838.online.de\/Holger\/index.php?rest_route=%2Fwp%2Fv2%2Fcomments&post=109"}],"version-history":[{"count":6,"href":"http:\/\/s428793838.online.de\/Holger\/index.php?rest_route=\/wp\/v2\/pages\/109\/revisions"}],"predecessor-version":[{"id":173,"href":"http:\/\/s428793838.online.de\/Holger\/index.php?rest_route=\/wp\/v2\/pages\/109\/revisions\/173"}],"wp:attachment":[{"href":"http:\/\/s428793838.online.de\/Holger\/index.php?rest_route=%2Fwp%2Fv2%2Fmedia&parent=109"}],"curies":[{"name":"wp","href":"https:\/\/api.w.org\/{rel}","templated":true}]}}